**2 + 757*k - 15572. Give b(21).
-116
Let m(v) = 633*v + 81. What is m(-1)?
-552
Let x(k) = -53*k + 1229. Calculate x(27).
-202
Let f(v) = -26*v**2 - 846*v + 1766. Determine f(2).
-30
Let w(x) = -18*x**2 + 457*x + 1475. Calculate w(-3).
-58
Let n(d) = d**3 - 46*d**2 + 143*d + 6106. Calculate n(38).
-12
Let h(s) = 8*s**2 - 97*s + 149. Give h(5).
-136
Let k(q) = 23*q**2 + 49*q - 265. Give k(-10).
1545
Let s(m) = -460*m + 13858. Calculate s(30).
58
Let c(b) = 3*b**3 + 487*b**2 - 68132*b + 198. Determine c(90).
18
Let q(p) = 10*p**3 + 6*p**2 - 46*p - 215. Determine q(-5).
-1085
Let c(n) = 15*n**2 - 636*n - 1762. Calculate c(45).
-7
Let l(c) = -162*c + 1050. Give l(3).
564
Let d(p) = 2*p**3 - 3*p**2 + 400*p - 2685. Determine d(7).
654
Let o(q) = q**3 + 23*q**2 + 181*q + 2909. Determine o(-21).
-10
Let y(o) = -o**3 + 31*o**2 - 465*o + 2298. Give y(9).
-105
Let c(j) = -9395*j - 206556. What is c(-22)?
134
Let r(l) = 8*l**3 + 286*l**2 - 79*l - 269. Calculate r(-36).
-17
Let i(f) = f**3 + 79*f**2 + 1135*f - 258. Determine i(-60).
42
Let y(a) = 15*a**2 - 4241*a - 54272. Determine y(295).
8
Let n(a) = 1595*a**2 + 111651*a + 89. Determine n(-70).
19
Let p(w) = -21*w**2 + 1141*w - 2554. Calculate p(52).
-6
Let q(h) = 3*h**2 - 6897*h + 27567. Calculate q(4).
27
Let x(n) = n**3 - 113*n**2 + 152*n - 17168. Give x(113).
8
Let x(k) = 988*k**2 + 4832*k - 536. Determine x(-5).
4
Let q(l) = -l**3 - 10*l**2 - 264*l - 2645. Determine q(-10).
-5
Let i(x) = x**2 + 12923*x - 25844. What is i(2)?
6
Let m(n) = -n**3 - 239*n**2 + 2019*n + 11224. Determine m(-247).
603
Let d(w) = w**3 - 924*w**2 - 1922*w + 64852. Give d(926).
32
Let y(k) = 2*k**2 + 439*k - 1309. Determine y(3).
26
Let u(p) = -2*p**3 + 480*p**2 + 98*p - 23290. Give u(240).
230
Let k(c) = -c**2 - 7987*c - 63870. Give k(-8).
-38
Let g(t) = -5*t**3 - 39*t**2 - 6*t - 63. Calculate g(-8).
49
Let q(i) = -1131*i**2 - 2409*i - 106. Calculate q(-2).
188
Let g(y) = 29*y**3 + 8*y**2 - 337*y + 955. Determine g(3).
799
Let b(g) = -2752*g + 16465. Determine b(6).
-47
Let s(j) = 144*j - 1416. What is s(10)?
24
Let h(j) = 325191*j + 650345. What is h(-2)?
-37
Let g(a) = -13*a**3 + 10*a**2 + 76*a + 396. Calculate g(-5).
1891
Let a(p) = -17*p**2 + 3990*p + 5192. Calculate a(236).
0
Let n(f) = 42*f**2 - 123*f - 485. Calculate n(-4).
679
Let a(k) = 20665*k - 10146516. What is a(491)?
-1
Let c(o) = -11*o**3 - 383*o**2 + 76*o + 216. Give c(-35).
6
Let h(p) = 28*p**2 + 11*p + 2. Determine h(-8).
1706
Let w(o) = -3115*o + 31216. Determine w(10).
66
Let h(c) = 2*c**3 - 15*c**2 - 304*c + 1933. Determine h(6).
1
Let f(d) = -2*d**2 - 52*d + 449. Give f(9).
-181
Let y(k) = -14*k**2 + 77*k - 37. Give y(7).
-184
Let z(f) = -16165*f + 4445380. What is z(275)?
5
Let l(d) = -2*d**3 - 33*d**2 - 51*d - 1217. Determine l(-20).
2603
Let u(c) = 24*c**3 - 47*c**2 + 43*c + 18. Calculate u(2).
108
Let v(b) = 13898*b - 931176. Calculate v(67).
-10
Let i(p) = -180*p**2 - 17363*p - 7958. Give i(-96).
10
Let k(w) = -655*w - 4647. Determine k(-8).
593
Let m(y) = -490271*y - 7844316. Determine m(-16).
20
Let u(d) = -440*d - 4769. Give u(-12).
511
Let r(b) = -427*b**3 - 76433*b**2 + 2*b + 351. Determine r(-179).
-7
Let h(w) = 4329*w**2 - 138542*w + 430. Calculate h(32).
-18
Let d(y) = 78*y**2 - 10604*y - 67. Calculate d(136).
477
Let w(q) = -2666*q**3 - 38*q**2 + 17*q + 54. Determine w(-1).
2665
Let l(c) = c**3 + 83*c**2 - 451*c - 1191. Give l(-88).
-223
Let n(l) = -13*l**3 + 228*l**2 - 518*l + 105. Calculate n(15).
-240
Let m(f) = f**3 - 30*f**2 - 213*f + 7865. Calculate m(27).
-73
Let k(j) = 389*j + 1925. Give k(-6).
-409
Let p(y) = -19*y**2 + 611*y - 2645. What is p(4)?
-505
Let m(j) = -47*j**3 + 371*j**2 + 27*j + 121. What is m(8)?
17
Let c(f) = -187*f**2 - 4868*f - 122. What is c(-26)?
34
Let p(b) = 610*b - 1718. What is p(3)?
112
Let t(k) = 3*k**2 - 355*k - 3518. Give t(-10).
332
Let n(r) = 1043*r - 66751. What is n(64)?
1
Let r(o) = -o**3 - 10*o**2 + 188*o + 1359. Give r(-17).
186
Let y(s) = -s**2 - 1816*s - 218025. Give y(-129).
-402
Let c(f) = -f**3 + 60*f**2 - 14894*f + 893634. Determine c(60).
-6
Let b(d) = -d**3 - 21*d**2 - 13*d + 824. Give b(-15).
-331
Let h(v) = v**3 + 3*v**2 - 497*v + 594. Calculate h(20).
-146
Let l(x) = x**2 + 15166*x + 6293562. Give l(-427).
9
Let c(y) = 12*y**2 - 2374*y + 58749. Determine c(29).
-5
Let i(n) = -n**3 - 35*n**2 - 339*n - 830. Calculate i(-11).
-5
Let h(r) = 6*r**3 + 24*r**2 - r + 73. Calculate h(-6).
-353
Let x(m) = -7*m**2 - 102*m + 1819. Calculate x(-25).
-6
Let z(f) = -5*f**3 - 14*f**2 + 7*f + 30. What is z(3)?
-210
Let i(q) = 27*q**2 - 243*q + 1. Give i(9).
1
Let a(g) = 4*g**2 - 193*g + 42. Calculate a(50).
392
Let a(t) = t**2 + 50661*t + 1569504. Determine a(-31).
-26
Let w(i) = -i**2 + 254*i - 11889. Determine w(194).
-249
Let f(k) = -8*k**2 - 177*k + 138. Give f(-23).
-23
Let v(r) = -r**3 - 30*r**2 + 1336*r + 40791. Give v(-33).
-30
Let j(q) = -13242*q + 384011. Give j(29).
-7
Let u(d) = 9*d**2 + 117*d + 422. What is u(0)?
422
Let b(k) = -12*k**3 + 1319*k**2 + 123*k - 446. Give b(110).
984
Let o(w) = 6*w**2 - 201*w - 3053. Determine o(-13).
574
Let y(a) = 12*a**2 + 258*a + 18. Calculate y(-23).
432
Let d(x) = -1527518*x + 1527507. What is d(1)?
-11
Let t(p) = 1400*p + 8385. What is t(-6)?
-15
Let a(c) = 2*c**2 - 27*c - 695. What is a(28)?
117
Let d(j) = 148*j**3 + 225*j**2 - 444*j - 4. Determine d(2).
1192
Let s(h) = -7*h**2 + 24417*h - 73259. Calculate s(3).
-71
Let r(c) = c**2 + 592*c - 3554. What is r(6)?
34
Let z(j) = 228*j**3 - 779*j**2 + 287*j - 6. Determine z(3).
0
Let j(i) = -3*i**2 - 133*i - 248. Give j(-40).
272
Let z(f) = -f**3 - 118*f**2 - 577*f - 465. Calculate z(-113).
891
Let v(p) = -2309*p - 124496. What is v(-54)?
190
Let i(v) = 2*v**3 - 95*v**2 - 270*v + 10658. Give i(48).
2
Let r(p) = -2*p**3 - 646*p**2 + 1951*p - 1860. Determine r(-326).
-230
Let k(o) = -98*o - 4392. What is k(-45)?
18
Let s(u) = u**3 + 18*u**2 - 12*u + 91. What is s(-14)?
1043
Let b(z) = -3*z**3 + 5165*z**2 + 6893*z - 1727. Determine b(1723).
-4
Let x(a) = -17*a**3 + 4*a**2 + 839*a + 839. Calculate x(-1).
21
Let g(v) = -v**2 - 128*v - 1822. What is g(-113)?
-127
Let d(t) = t**3 + 39*t**2 - 67*t - 440. Calculate d(-40).
640
Let x(y) = -112*y - 5373. What is x(-59)?
1235
Let c(l) = -3*l**2 - 849*l - 7797. What is c(-270)?
2733
Let c(g) = 3*g**2 - 316*g + 1733. Calculate c(90).
-2407
Let q(f) = 147*f**2 - 19681*f - 2336. Give q(134).
-58
Let o(f) = 3*f**3 + 223*f**2 + 282*f - 623. Give o(-73).
107
Let z(w) = 33*w**2 - 331*w + 759. What is z(5)?
-71
Let s(r) = -353240*r + 2119209. Give s(6).
-231
Let u(r) = 670626*r - 2682454. What is u(4)?
50
Let q(c) = 85*c**3 - 1444*c**2 + 1519*c - 26107. Give q(17).
5
Let x(a) = -18949*a + 246335. What is x(13)?
-2
Let t(y) = -1245*y + 5920. What is t(5)?
-305
Let m(l) = -2239612*l - 4479214. What is m(-2)?
10
Let s(r) = -91*r**2 - 3636*r + 177. Determine s(-40).
17
Let k(c) = 43*c**2 - 4420*c - 935. Calculate k(103).
-8
Let n(x) = -25198*x - 25216. Calculate n(-1).
-18
Let x(h) = -496*h - 15469. Give x(-31).
-93
Let k(b) = -1857*b + 217278. What is k(117)?
9
Let a(q) = -9*q**3 - 6*q**2 - 31*q + 27. Calculate a(0).
27
Let f(c) = -298671*c - 1791983. What is f(-6)?
43
Let o(u) = 969*u - 16366. Give o(17).
107
Let j(p) = 8*p**2 + 94*p + 440. Determine j(-8).
200
Let q(a) = 5*a**2 + 1631*a - 111451. Give q(58).
-33
Let g(v) = 4*v**2 - 791*v - 2412. What is g(-3)?
-3
Let j(m) = 476*m + 95596. What is j(-200)?
396
Let d(g) = 2237*g + 2258. What is d(-1)?
21
Let m(v) = -6*v**2 + 1061*v - 5882. Determine m(171).
103
Let v(i) = 5094*i + 157940. Determine v(-31).
26
Let k(n) = n**3 + 276*n**2 - 113452*n - 8. Give k(-502).
-8
Let x(u) = 1625*u - 1151. Calculate x(1).
474
Let v(q) = -226*q + 808. Calculate v(0).
808
Let k(a) = -486*a + 3434. Give k(7).
32
Let t(a) = -a**3 - 48*a**2 + 927*a + 46842. Calculate t(-46).
-32
Let i(g) = -49*g**2 - 149*g - 1052. What is i(-8)?
-2996
Let p(a) = -a**3 - 385*a**2 - 3745*a + 44. Determine p(-10).
-6
Let y(t) = -6*t**2 + 6*t + 215. Give y(-6).
-37
Let y(a) = a**3 - 58*a**2 - 84*a + 700. Calculate y(59).
-775
Let b(l) = 744*l + 6549. Calculate b(-9).
-147
Let j(v) = 728*v**3 - 4*v**2 + 216*v - 214. Determine j(1).
726
Let u(k) = 176691*k - 883443.